{"id":382,"date":"2024-09-24T18:31:17","date_gmt":"2024-09-24T18:31:17","guid":{"rendered":"https:\/\/mucko.me\/?page_id=382"},"modified":"2024-09-30T06:21:13","modified_gmt":"2024-09-30T06:21:13","slug":"regulamin","status":"publish","type":"page","link":"https:\/\/mucko.me\/?page_id=382","title":{"rendered":"Regulamin"},"content":{"rendered":"\n<h2 class=\"wp-block-heading\" id=\"E39\"><strong>1. Postanowienia og\u00f3lne<\/strong><\/h2>\n\n\n\n<ol class=\"wp-block-list\">\n<li>Regulamin dotyczy Sklepu Internetowego, zwanego w skr\u00f3cie <strong>Sklep<\/strong>, dzia\u0142aj\u0105cego pod domen\u0105 <strong>mucko.me<\/strong>.<\/li>\n\n\n\n<li>Sklep nale\u017cy do Fundacji Geotyda, wpisanej do Krajowego Rejestru S\u0105dowego przez S\u0105d Rejonowy Krak\u00f3w-\u015ar\u00f3dmie\u015bcie w Krakowie, XI Wydzia\u0142 Gospodarczy Krajowego Rejestru S\u0105dowego pod numerem KRS 0000553981, zwanej w skr\u00f3cie <strong>Fundacj\u0105<\/strong>. Adres do korespondencji: ul. \u0141\u0105kowa 10\/61, 31-443 Krak\u00f3w; e-mail: fundacja@geotyda.org; numer telefonu: +4888GEOTYDA (884368932).<\/li>\n\n\n\n<li>Fundacja nie jest wpisana do rejestru przedsi\u0119biorc\u00f3w. Wszystkie przychody z dzia\u0142alno\u015bci Sklepu przeznaczane s\u0105 na dzia\u0142alno\u015b\u0107 statutow\u0105, kt\u00f3rej tre\u015b\u0107 dost\u0119pna jest pod adresem https:\/\/geotyda.org\/statut.php.<\/li>\n\n\n\n<li>Korzystanie ze Sklepu mo\u017cliwe jest pod warunkiem po\u0142\u0105czenia z sieci\u0105 internetow\u0105.<\/li>\n<\/ol>\n\n\n\n<h2 class=\"wp-block-heading\"><strong>2. Definicje<\/strong><\/h2>\n\n\n\n<ol class=\"wp-block-list\">\n<li>Regulamin \u2013 niniejszy dokument, wraz z za\u0142\u0105cznikami. Okre\u015bla zasady korzystania ze Sklepu, zawierania um\u00f3w na odleg\u0142o\u015b\u0107, ich wykonywania, zasady post\u0119powania reklamacyjnego. W zakresie us\u0142ug \u015bwiadczonych drog\u0105 elektroniczn\u0105 Regulamin i jego za\u0142\u0105czniki jest odpowiednio regulaminem, o kt\u00f3rym mowa w art. 8 Ustawy o \u015bwiadczeniu us\u0142ug drog\u0105 elektroniczn\u0105.<\/li>\n\n\n\n<li>U\u017cytkownik \u2013 osoba fizyczna posiadaj\u0105ca pe\u0142n\u0105 zdolno\u015b\u0107 do czynno\u015bci prawnych, osoba prawna lub jednostka organizacyjna nieposiadaj\u0105ca osobowo\u015bci prawnej, kt\u00f3rej ustawa przyznaje zdolno\u015b\u0107 prawn\u0105, kt\u00f3ra zawiera z Fundacj\u0105 umow\u0119 na odleg\u0142o\u015b\u0107. Gdy U\u017cytkownik nie jest osob\u0105 fizyczn\u0105 domniemywa si\u0119, \u017ce jest on reprezentowany przez przedstawiciela upowa\u017cnionego do jego reprezentacji w \u015bwietle przepis\u00f3w prawa.<\/li>\n\n\n\n<li>Konsument \u2013 konsument w rozumieniu art. 22 z indeksem 1 Kodeksu Cywilnego.<\/li>\n\n\n\n<li>Sklep \u2013 serwis internetowy prowadzony przez Fundacj\u0119 pod domen\u0105 mucko.me.<\/li>\n\n\n\n<li>Towar \u2013 rzecz ruchoma, kt\u00f3r\u0105 U\u017cytkownik mo\u017ce naby\u0107 w Sklepie internetowym. Sprzedawca o\u015bwiadcza, \u017ce sprzedawane przez niego towary s\u0105 nowe, wolne od wad fizycznych oraz prawnych. Wszystkie towary zosta\u0142y wprowadzone do obrotu na rynek Polski legalnie.<\/li>\n\n\n\n<li>Umowa sprzeda\u017cy na odleg\u0142o\u015b\u0107 \u2013 umowa sprzeda\u017cy Towaru zawierana za po\u015brednictwem Sklepu.<\/li>\n\n\n\n<li>Ceny \u2013 kwoty, po uiszczeniu kt\u00f3rych Towar przekazywany jest przez Fundacj\u0119 na rzecz Konsumenta. Wszystkie podawane s\u0105 w walucie polskiej (PLN) i zawieraj\u0105 podatki (VAT 0% zw.) oraz op\u0142aty skarbowe. Wi\u0105\u017c\u0105ce s\u0105 te, po jakich U\u017cytkownik zam\u00f3wi\u0142 Towar w Sklepie. Do ostatecznych doliczane s\u0105 op\u0142aty wynikaj\u0105ce z wybranej formy dostawy, o czym U\u017cytkownik zostanie poinformowany przed sfinalizowaniem zam\u00f3wienia.<\/li>\n\n\n\n<li>Sprzedawca \u2013 podmiot prowadz\u0105cy Sklep wskazany w \u00a7 1 ust. 2 niniejszego Regulaminu, zwany <strong>Fundacj\u0105<\/strong>.<\/li>\n\n\n\n<li>Tre\u015bci \u2013 wszelkie pochodz\u0105ce od Fundacji informacje, dane, elementy, materia\u0142y, algorytmy, schematy, utwory, oznaczenia, logo, nazwy, znaki, symbole, opisy i zdj\u0119cia Towar\u00f3w, niezale\u017cenie od ich charakteru, formatu i sposobu zapisu lub przetwarzania. Pochodz\u0105 one z w\u0142asnych zasob\u00f3w i zakazuje si\u0119 jakiegokolwiek komercyjnego ich wykorzystywania.<\/li>\n\n\n\n<li>Konto \u2013 zbi\u00f3r danych przechowywanych w Sklepie oraz w systemie teleinformatycznym Fundacji dotycz\u0105cy danego U\u017cytkownika oraz sk\u0142adanych przez niego zam\u00f3wie\u0144 i zawieranych um\u00f3w, z wykorzystaniem kt\u00f3rego U\u017cytkownik mo\u017ce sk\u0142ada\u0107 zam\u00f3wienia oraz zawiera\u0107 umowy.<\/li>\n\n\n\n<li>Polityka prywatno\u015bci \u2013 dokument, zwany w skr\u00f3cie <strong>Polityk\u0105<\/strong>, okre\u015blaj\u0105cy szczeg\u00f3\u0142owe zasady przetwarzania danych osobowych oraz stosowania cookies. Stanowi za\u0142\u0105cznik do Regulaminu i jest dost\u0119pna na stronie Sklepu internetowego.<\/li>\n\n\n\n<li>Newsletter \u2013 pochodz\u0105ce od Fundacji informacje, w tym informacje handlowe w rozumieniu Ustawy z dnia 18 lipca 2002 r. o \u015bwiadczeniu us\u0142ug drog\u0105 elektroniczn\u0105, wys\u0142ane U\u017cytkownikowi drog\u0105 elektroniczn\u0105.<\/li>\n\n\n\n<li>Zakupy bez rejestracji \u2013 us\u0142uga dla U\u017cytkownik\u00f3w umo\u017cliwiaj\u0105ca dokonanie zakupu Towaru bez konieczno\u015bci rejestracji w Sklepie.<\/li>\n<\/ol>\n\n\n\n<h2 class=\"wp-block-heading\">3. Konto<\/h2>\n\n\n\n<ol class=\"wp-block-list\">\n<li>W celu utworzenia Konta niezb\u0119dna jest rejestracja U\u017cytkownika.<\/li>\n\n\n\n<li>Do rejestracji niezb\u0119dne s\u0105 dane: adres e-mail, imi\u0119, nazwisko, adres (kraj, ulica, kod pocztowy i miasto), nr telefonu. Opcjonalnie mo\u017cna poda\u0107 nazw\u0119 dzia\u0142alno\u015bci gospodarczej (firma).<\/li>\n\n\n\n<li>U\u017cytkownik zapewnia, \u017ce podane prze niego informacje s\u0105 zgodne z prawd\u0105.<\/li>\n\n\n\n<li>Rejestracja Konta oznacza zawarcie umowy o \u015bwiadczenie us\u0142ug drog\u0105 elektroniczn\u0105 dotycz\u0105cej Konta. Umowa zostaje zawarta na czas nieokre\u015blony, a Konsument mo\u017ce odst\u0105pi\u0107 od niej na zasadach okre\u015blonych w Regulaminie.<\/li>\n\n\n\n<li>U\u017cytkownik nie mo\u017ce umieszcza\u0107 w Sklepie internetowym ani dostarcza\u0107 do Sprzedawcy tre\u015bci i innych danych o charakterze bezprawnym.<\/li>\n<\/ol>\n\n\n\n<h2 class=\"wp-block-heading\"><strong>4. Dokumentacja zakup\u00f3w<\/strong><\/h2>\n\n\n\n<ol class=\"wp-block-list\">\n<li>Fundacja wystawia faktur\u0119 VAT (0% zw.).<\/li>\n\n\n\n<li>W przypadku odst\u0105pienia Konsumenta od Umowy sprzeda\u017cy na odleg\u0142o\u015b\u0107 lub uznaniu reklamacji, po otrzymaniu Towaru Fundacja wystawi faktur\u0119 koryguj\u0105c\u0105 wraz z pro\u015bb\u0105 o jej potwierdzenie.<\/li>\n\n\n\n<li>W przypadku braku potwierdzenia faktury koryguj\u0105cej w terminie 5 dni od daty otrzymania pierwszej wiadomo\u015bci, U\u017cytkownik otrzyma wiadomo\u015b\u0107 z pro\u015bb\u0105 o potwierdzenie faktury koryguj\u0105cej.<\/li>\n<\/ol>\n\n\n\n<h2 class=\"wp-block-heading\"><strong>5. Zam\u00f3wienia<\/strong><\/h2>\n\n\n\n<ol class=\"wp-block-list\">\n<li>Tre\u015bci, w tym opisy Towar\u00f3w i Ceny stanowi\u0105 zaproszenie do zawarcia umowy w rozumieniu art. 71 Kodeksu Cywilnego.<\/li>\n\n\n\n<li>U\u017cytkownik sk\u0142ada zam\u00f3wienie w celu z\u0142o\u017cenia oferty nabycia towaru.<\/li>\n\n\n\n<li>Zam\u00f3wienie sk\u0142ada si\u0119 poprzez wype\u0142nienie formularza dost\u0119pnego na stronie Sklepu oraz klikni\u0119cie przycisku \u201eKupuj\u0119 i p\u0142ac\u0119\u201d.<\/li>\n\n\n\n<li>U\u017cytkownik zapewnia, \u017ce podane przez niego przy sk\u0142adaniu zam\u00f3wienia informacje s\u0105 zgodne z prawd\u0105.<\/li>\n\n\n\n<li>Zam\u00f3wienie okre\u015bla m.in. jakie Towary, po jakiej Cenie i w jakich ilo\u015bciach zamawia U\u017cytkownik pod wskazany przez siebie adres dostawy.<\/li>\n\n\n\n<li>Po otrzymaniu zam\u00f3wienia Fundacja prze\u015ble na wskazany adres e-mail U\u017cytkownikowi informacj\u0119 o przyj\u0119ciu zam\u00f3wienia. Z chwil\u0105 przyj\u0119cia przez U\u017cytkownika o\u015bwiadczenia Fundacji o przyj\u0119ciu zam\u00f3wienia, pomi\u0119dzy stronami zostaje zawarta Umowa sprzeda\u017cy na odleg\u0142o\u015b\u0107.<\/li>\n<\/ol>\n\n\n\n<h2 class=\"wp-block-heading\">6. Ceny i p\u0142atno\u015bci<\/h2>\n\n\n\n<ol class=\"wp-block-list\">\n<li>Najp\u00f3\u017aniej bezpo\u015brednio przed z\u0142o\u017ceniem zam\u00f3wienia Fundacja informuje U\u017cytkownika o ostatecznej \u0142\u0105cznej cenie towaru oraz wszelkich dodatkowych op\u0142atach, w tym kosztach transportu, kosztach p\u0142atno\u015bci itp.<\/li>\n\n\n\n<li>Fundacja informuje U\u017cytkownika o dost\u0119pnych sposobach p\u0142atno\u015bci, a je\u017celi z danym sposobem p\u0142atno\u015bci wi\u0105\u017ce si\u0119 dodatkowa op\u0142ata, Fundacja informuje o tym U\u017cytkownika najp\u00f3\u017aniej bezpo\u015brednio przed z\u0142o\u017ceniem zam\u00f3wienia.<\/li>\n\n\n\n<li>O terminie p\u0142atno\u015bci Fundacja informuje U\u017cytkownika za po\u015brednictwem systemu teleinformatycznego.<\/li>\n\n\n\n<li>U\u017cytkownik dokonuje p\u0142atno\u015bci za zam\u00f3wiony Towar przelewem b\u0142yskawicznym lub kart\u0105 p\u0142atnicz\u0105 \u2013 p\u0142atno\u015b\u0107 obs\u0142ugiwana przez system p\u0142atno\u015bci Tpay,<\/li>\n\n\n\n<li>Operatorem p\u0142atno\u015bci wymienionych w \u00a7 6 ust. 4 jest platforma Tpay, kt\u00f3rej w\u0142a\u015bcicielem jest Krajowy Integrator P\u0142atno\u015bci S.A. z siedzib\u0105 w Poznaniu, plac Andersa 3, 61-894 Pozna\u0144, wpisana do rejestru przedsi\u0119biorc\u00f3w prowadzonego przez S\u0105d Rejonowy Pozna\u0144-Nowe Miasto i Wilda w Poznaniu, VIII Wydzia\u0142 Gospodarczy Krajowego Rejestru S\u0105dowego pod numerem KRS 0000412357, o kapitale zak\u0142adowym 5 494 980 PLN, NIP: 7773061579.<\/li>\n<\/ol>\n\n\n\n<h2 class=\"wp-block-heading\"><strong>7. Spos\u00f3b realizacji zam\u00f3wienia i dostawa<\/strong><\/h2>\n\n\n\n<ol class=\"wp-block-list\">\n<li>Sklep ma obowi\u0105zek wys\u0142ania zam\u00f3wienia w terminie maksymalnie trzech dni, pocz\u0105wszy od dnia dokonania p\u0142atno\u015bci przez kupuj\u0105cego.<\/li>\n\n\n\n<li>U\u017cytkownik ma mo\u017cliwo\u015b\u0107 wyboru dostawy kurierem lub do paczkomatu.<\/li>\n\n\n\n<li>Operatorem dostawy wymienionych w \u00a7 7 ust. 2 jest platforma InPost, kt\u00f3rej w\u0142a\u015bcicielem jest InPost Sp. z o.o. z siedzib\u0105 w Krakowie, ulica Wielicka 28, 30-552 Krak\u00f3w, wpisana do rejestru przedsi\u0119biorc\u00f3w prowadzonego przez S\u0105d Rejonowy Krak\u00f3w-\u015ar\u00f3dmie\u015bcie, XI Wydzia\u0142 Gospodarczy Krajowego Rejestru S\u0105dowego pod numerem KRS 0000543759, o kapitale zak\u0142adowym 116 278 450 PLN, NIP: 6793108059.<\/li>\n\n\n\n<li>W przypadku niezrealizowania przez Fundacj\u0119 zobowi\u0105zania w terminie okre\u015blonym we wiadomo\u015bci do Konsumenta, Konsument mo\u017ce odst\u0105pi\u0107 od Umowy sprzeda\u017cy zawartej na odleg\u0142o\u015b\u0107. Odst\u0105pienie od umowy nast\u0119puje przez z\u0142o\u017cenie Fundacji o\u015bwiadczenia woli o odst\u0105pieniu.<\/li>\n<\/ol>\n\n\n\n<h2 class=\"wp-block-heading\">8. <strong>Odst\u0105pienie od umowy i jego skutki<\/strong><\/h2>\n\n\n\n<ol class=\"wp-block-list\">\n<li>Prawo odst\u0105pienia od umowy bez podania przyczyny przys\u0142uguje U\u017cytkownikowi b\u0119d\u0105cemu Konsumentem pod warunkiem nienaruszenia oryginalnego opakowania, a je\u015bli Towar go nie posiada \u2013 znajduj\u0105cego si\u0119 w stanie nienaruszonym.<\/li>\n\n\n\n<li>Konsument zachowuje prawo do odst\u0105pienia od umowy zawartej na odleg\u0142o\u015b\u0107 w terminie 14 dni od dnia, w kt\u00f3rym U\u017cytkownik lub wskazana przez niego osoba inna ni\u017c przewo\u017anik wesz\u0142a w jego posiadanie. U\u017cytkownik nie ponosi koszt\u00f3w za wyj\u0105tkiem koszt\u00f3w wskazanych poni\u017cej, o ile zosta\u0142 poinformowany o konieczno\u015bci ich poniesienia podczas procesu sk\u0142adania zam\u00f3wienia.<\/li>\n\n\n\n<li>W celu wykonania prawa odst\u0105pienia Konsument powinien z\u0142o\u017cy\u0107 Fundacji o\u015bwiadczenie w tym zakresie. Do zachowania terminu wystarczaj\u0105ce jest wys\u0142anie o\u015bwiadczenia przed jego up\u0142ywem. Odst\u0105pienie od umowy mo\u017ce zosta\u0107 z\u0142o\u017cone przez Konsumenta w dowolny spos\u00f3b.<\/li>\n\n\n\n<li>Je\u017celi U\u017cytkownik z\u0142o\u017cy\u0142 o\u015bwiadczenie o odst\u0105pieniu od umowy, zanim Sprzedawca przyj\u0105\u0142 jego ofert\u0119, umowa przestaje wi\u0105za\u0107.<\/li>\n\n\n\n<li>Fundacja zwraca Konsumentowi, w terminie 14 dni od dnia otrzymania o\u015bwiadczenia o odst\u0105pieniu od umowy wszystkie dokonane przez niego p\u0142atno\u015bci, w tym koszty dostawy Towaru. Zwrotowi nie podlegaj\u0105 dodatkowe koszty wynikaj\u0105ce z wybranego przez Konsumenta sposobu dostawy innego ni\u017c najta\u0144szy zwyk\u0142y spos\u00f3b dostawy dost\u0119pny w Sklepie.<\/li>\n\n\n\n<li>Sprzedawca dokonuje zwrotu p\u0142atno\u015bci tym samym sposobem p\u0142atno\u015bci, jakiego u\u017cy\u0142 Konsument, chyba \u017ce ten wyra\u017anie zgodzi si\u0119 na inny spos\u00f3b zwrotu, kt\u00f3ry nie wi\u0105\u017ce si\u0119 dla niego z \u017cadnymi kosztami.<\/li>\n\n\n\n<li>Obowi\u0105zkiem Konsumenta jest zwrot Towaru do Sprzedawcy nie p\u00f3\u017aniej ni\u017c w ci\u0105gu 14 dni od dnia, w kt\u00f3rym odst\u0105pi\u0142 od umowy. Do zachowania terminu wystarczy odes\u0142anie Towaru przed jego up\u0142ywem.<\/li>\n\n\n\n<li>Konsument zwraca towar, wysy\u0142aj\u0105c go na adres Fundacji.<\/li>\n\n\n\n<li>Fundacja mo\u017ce wstrzyma\u0107 si\u0119 ze zwrotem p\u0142atno\u015bci otrzymanych od Konsumenta do chwili otrzymania Towaru z powrotem.<\/li>\n\n\n\n<li>Konsument ponosi koszty zwrotu Towaru (w tym koszt dostarczenia go do Fundacji) oraz jest odpowiedzialny za zmniejszenie jego warto\u015bci wynikaj\u0105ce z korzystania z niego w spos\u00f3b inny ni\u017c by\u0142o to konieczne do stwierdzenia charakteru, cech i funkcjonowania Towaru.<\/li>\n<\/ol>\n\n\n\n<h2 class=\"wp-block-heading\">9. Zakup bez rejestracji<\/h2>\n\n\n\n<p id=\"E512\">Do dokonania zakupu bez rejestracji konieczne jest zaakceptowanie Regulaminu oraz podanie danych niezb\u0119dnych do realizacji zam\u00f3wienia (tj. adres e-mail, numer telefonu, adres do wysy\u0142ki towaru, imi\u0119 i nazwisko, a w przypadku zakupu towaru przez przedsi\u0119biorc\u0119 r\u00f3wnie\u017c nazwy dzia\u0142alno\u015bci oraz numeru NIP).<\/p>\n\n\n\n<h2 class=\"wp-block-heading\" id=\"E526\"><strong>10. Odpowiedzialno\u015b\u0107 za wady Towaru<\/strong><\/h2>\n\n\n\n<ol class=\"wp-block-list\">\n<li>Fundacja nie ponosi odpowiedzialno\u015bci za dzia\u0142ania i zaniechania os\u00f3b trzecich, w tym operator\u00f3w pocztowych, firm kurierskich, us\u0142ug internetowych itp.<\/li>\n\n\n\n<li>Przed odebraniem przesy\u0142ki nale\u017cy sprawdzi\u0107 czy opakowanie nie uleg\u0142o uszkodzeniu w transporcie.<\/li>\n\n\n\n<li>W przypadku ujawnienia uszkodze\u0144 opakowania przesy\u0142ki nie nale\u017cy przyjmowa\u0107 Towaru oraz skontaktowa\u0107 si\u0119 jak najszybciej z Fundacj\u0105 w celu wyja\u015bnienia sprawy.<\/li>\n<\/ol>\n\n\n\n<h2 class=\"wp-block-heading\"><strong>11. Reklamacje<\/strong><\/h2>\n\n\n\n<ol class=\"wp-block-list\">\n<li>Wszelkie reklamacje dotycz\u0105ce funkcjonowania Sklepu oraz um\u00f3w zawieranych za jego po\u015brednictwem mo\u017cna sk\u0142ada\u0107 mailowo lub pisemnie na adres podany w \u00a7 1 ust. 2.<\/li>\n\n\n\n<li>Sk\u0142adaj\u0105c reklamacj\u0119, nale\u017cy opisa\u0107 wad\u0119 i sprecyzowa\u0107 \u017c\u0105danie.<\/li>\n\n\n\n<li>Fundacja rozpatruje reklamacje z tytu\u0142u r\u0119kojmi w terminie 14 dni od dnia dor\u0119czenia mu o\u015bwiadczenia zawieraj\u0105cego \u017c\u0105danie U\u017cytkownika.<\/li>\n\n\n\n<li>Do reklamacji z tytu\u0142u r\u0119kojmi nale\u017cy do\u0142\u0105czy\u0107 dow\u00f3d zakupu (np.: paragon, faktur\u0119, wyci\u0105g z konta).<\/li>\n\n\n\n<li>W przypadku konieczno\u015bci uzupe\u0142nienia podanych w reklamacji danych lub informacji, Fundacja niezw\u0142ocznie poprosi U\u017cytkownika o ich uzupe\u0142nienie we wskazanym zakresie, wskazuj\u0105c r\u00f3wnie\u017c form\u0119 dostarczenia uzupe\u0142nie\u0144.<\/li>\n\n\n\n<li>Zaleca si\u0119, aby wys\u0142anie przesy\u0142ki ze zwracanym Towarem by\u0142o poprzedzone zg\u0142oszeniem zwrotu.<\/li>\n<\/ol>\n\n\n\n<h2 class=\"wp-block-heading\"><strong>12. Newsletter<\/strong><\/h2>\n\n\n\n<ol class=\"wp-block-list\">\n<li>U\u017cytkownik mo\u017ce wyrazi\u0107 zgod\u0119 na otrzymywanie informacji handlowych drog\u0105 elektroniczn\u0105. W przypadku wyra\u017cenia takiej zgody, U\u017cytkownik b\u0119dzie otrzymywa\u0107 na podany przez siebie adres e-mail informacje Sklepu, a tak\u017ce inne informacje handlowe wys\u0142anie przez Fundacj\u0119.<\/li>\n\n\n\n<li>U\u017cytkownik mo\u017ce w dowolnym momencie zrezygnowa\u0107 z otrzymywania Newslettera poprzez kontakt z Fundacj\u0105.<\/li>\n<\/ol>\n\n\n\n<h2 class=\"wp-block-heading\"><strong>13. Dzia\u0142ania zabronione<\/strong><\/h2>\n\n\n\n<p id=\"E679\">Zabronione s\u0105 wszelkie dzia\u0142ania U\u017cytkownika sprzeczne z powszechnie obowi\u0105zuj\u0105cym prawem lub niedozwolone wprost przez Regulamin, a w szczeg\u00f3lno\u015bci:<\/p>\n\n\n\n<ol class=\"wp-block-list\">\n<li>Kt\u00f3re utrudnia\u0142yby prac\u0119 Fundacji lub czyni\u0142y j\u0105 niemo\u017cliw\u0105, utrudnia\u0142yby dost\u0119p do Sklepu lub jego zawarto\u015bci.<\/li>\n\n\n\n<li>Korzystanie z wirus\u00f3w, bot\u00f3w, robak\u00f3w b\u0105d\u017a innych kod\u00f3w komputerowych.<\/li>\n\n\n\n<li>Podejmowanie innych dzia\u0142a\u0144 na szkod\u0119 Fundacji, innych U\u017cytkownik\u00f3w lub zagra\u017caj\u0105cych ich prawom lub interesom.<\/li>\n\n\n\n<li>Fundacja ma prawo zablokowa\u0107 dost\u0119p U\u017cytkownika do indywidualnego konta w przypadku gdy U\u017cytkownik korzysta ze Sklepu w spos\u00f3b niezgody z obowi\u0105zuj\u0105cym prawem, dobrymi obyczajami, zasadami wsp\u00f3\u0142\u017cycia spo\u0142ecznego lub narusza postanowienia Regulaminu.<\/li>\n<\/ol>\n\n\n\n<h2 class=\"wp-block-heading\"><strong>14. Dane osobowe<\/strong><\/h2>\n\n\n\n<p id=\"E710\">Proces przetwarzania danych osobowych, w tym informacje o ich Administratorze, celach przetwarzania, uprawnieniach os\u00f3b, kt\u00f3rych dane dotycz\u0105 zosta\u0142y opisane w <a href=\"https:\/\/mucko.me\/?page_id=23\" data-type=\"page\" data-id=\"23\">Polityce prywatno\u015bci<\/a>.<\/p>\n\n\n\n<h2 class=\"wp-block-heading\"><strong>15. Postanowienia ko\u0144cowe<\/strong><\/h2>\n\n\n\n<ol class=\"wp-block-list\">\n<li>Niniejszy Regulamin obowi\u0105zuje od <strong>30 wrze\u015bnia 2024 roku<\/strong> do chwili jego odwo\u0142ania lub wprowadzenia w nim zmian.<\/li>\n\n\n\n<li>Fundacja zastrzega sobie prawo dokonania zmian w Regulaminie w ka\u017cdym czasie, a w szczeg\u00f3lno\u015bci gdy b\u0119dzie tego wymaga\u0142o wprowadzenie nowych funkcjonalno\u015bci Sklepu lub dostosowanie do zmian w przepisach prawa.<\/li>\n\n\n\n<li>U\u017cytkownicy zostan\u0105 poinformowani o zmianach Regulaminu poprzez informacj\u0119 wys\u0142an\u0105 na adresy e-mail (w stosunku do U\u017cytkownik\u00f3w posiadaj\u0105cych Konto), a tak\u017ce poprzez jego opublikowanie.<\/li>\n\n\n\n<li>Fundacja ma prawo rozwi\u0105za\u0107 umow\u0119 o \u015bwiadczenie us\u0142ug dotycz\u0105c\u0105 Konta w przypadku zaprzestania \u015bwiadczenia lub przeniesienia us\u0142ugi e-sklep\u00f3w Fundacji na osob\u0119 trzeci\u0105, naruszenia przez U\u017cytkownika prawa lub postanowie\u0144 Regulaminu, a tak\u017ce w przypadku braku aktywno\u015bci U\u017cytkownika przez okres 6 miesi\u0119cy. Rozwi\u0105zanie umowy nast\u0119puje z zachowaniem siedmiodniowego okresu wypowiedzenia. Fundacja mo\u017ce zastrzec, \u017ce ponowna rejestracja Konta b\u0119dzie wymaga\u0107 zezwolenia Fundacji.<\/li>\n\n\n\n<li>W przypadku stwierdzenia niewa\u017cno\u015bci lub zmiany kt\u00f3regokolwiek z postanowie\u0144 niniejszego Regulaminu decyzj\u0105 organu lub s\u0105du, pozosta\u0142e jego zapisy pozostaj\u0105 w mocy.<\/li>\n\n\n\n<li>Sklep podlega jurysdykcji prawa polskiego, kt\u00f3re jest w\u0142a\u015bciwym do rozstrzygania wszelkich spor\u00f3w zwi\u0105zanych z Regulaminem.<\/li>\n\n\n\n<li>U\u017cytkownik b\u0119d\u0105cy Konsumentem mo\u017ce skorzysta\u0107 z pozas\u0105dowych sposob\u00f3w rozpatrywania reklamacji i dochodzenia roszcze\u0144. Nale\u017c\u0105 do nich: w razie sporu o prawa maj\u0105tkowe wynik\u0142e z um\u00f3w sprzeda\u017cy i \u015bwiadczenia us\u0142ug, wyst\u0105pienie z wnioskiem o rozpoznanie sprawy przez Sta\u0142y Polubowny S\u0105d Konsumencki dzia\u0142aj\u0105cy przy odpowiednim Wojew\u00f3dzkim Inspektoracie Inspekcji Handlowej; wyst\u0105pienie z wnioskiem do Wojew\u00f3dzkiego Inspektora Handlowego o podj\u0119cie dzia\u0142a\u0144 maj\u0105cych na celu pozas\u0105dowe rozstrzygni\u0119cie sporu na podstawie Ustawy z dnia 23 wrze\u015bnia 2016 r. o pozas\u0105dowym rozwi\u0105zywaniu spor\u00f3w konsumenckich Dz. U. z 2016 r., poz. 1823. Niezale\u017cnie od powy\u017cszego Konsument mo\u017ce zwr\u00f3ci\u0107 si\u0119 o pomoc do miejskiego (powiatowego) rzecznika konsument\u00f3w. Wszelkie niezb\u0119dne informacje w zakresie pozas\u0105dowych sposob\u00f3w rozpatrywania reklamacji i dochodzenia roszcze\u0144 mo\u017cna uzyska\u0107 na stronie internetowej Urz\u0119du Ochrony Konkurencji i Konsument\u00f3w pod adresem: www.uokik.gov.pl. Wskazane post\u0119powania maj\u0105 charakter dobrowolny i obie strony musz\u0105 wyrazi\u0107 na nie zgod\u0119.<\/li>\n\n\n\n<li>W przypadku U\u017cytkownik\u00f3w nieb\u0119d\u0105cych Konsumentami jurysdykcj\u0119 ma s\u0105d w\u0142a\u015bciwy miejscowo dla siedziby Fundacji.<\/li>\n\n\n\n<li>Na podstawie Rozporz\u0105dzenia Parlamentu Europejskiego i Rady (UE) nr 524\/2013 z dnia 21 maja 2013 roku wskazuje si\u0119, i\u017c pod adresem http:\/\/ec.europa.eu\/consumers\/odr dost\u0119pna jest platforma internetowego systemu rozstrzygania spor\u00f3w pomi\u0119dzy konsumentami i przedsi\u0119biorcami na szczeblu unijnym (platforma ODR). Platforma ODR stanowi stron\u0119 internetow\u0105 z punktem kompleksowej obs\u0142ugi dla konsument\u00f3w i przedsi\u0119biorc\u00f3w d\u0105\u017c\u0105cych do pozas\u0105dowego rozstrzygni\u0119cia sporu dotycz\u0105cego zobowi\u0105za\u0144 umownych wynikaj\u0105cych z internetowej umowy sprzeda\u017cy lub umowy o \u015bwiadczenie us\u0142ug.<\/li>\n\n\n\n<li>Fundacja informuje, \u017ce korzystanie z us\u0142ug \u015bwiadczonych drog\u0105 elektroniczn\u0105 za po\u015brednictwem sieci internet wi\u0105\u017ce si\u0119 z ryzykiem. Podstawowym zagro\u017ceniem ka\u017cdego u\u017cytkownika internetu, w tym os\u00f3b korzystaj\u0105cych z us\u0142ug \u015bwiadczonych drog\u0105 elektroniczn\u0105, jest mo\u017cliwo\u015b\u0107 \u201ezainfekowania\u201d systemu teleinformatycznego przez r\u00f3\u017cnego rodzaju oprogramowanie tworzone g\u0142\u00f3wnie w celu wyrz\u0105dzania szk\u00f3d, typu wirusy, \u201erobaki\u201d czy \u201ekonie troja\u0144skie\u201d. By unikn\u0105\u0107 zagro\u017ce\u0144 z tym zwi\u0105zanych wa\u017cne jest, by Us\u0142ugobiorca zaopatrzy\u0142 sw\u00f3j sprz\u0119t, kt\u00f3ry wykorzystuje, pod\u0142\u0105czaj\u0105c si\u0119 do internetu, w program antywirusowy i stale go aktualizowa\u0142, instaluj\u0105c jego najnowsze wersje. Fundacja r\u00f3wnocze\u015bnie informuje, \u017ce wprowadza nast\u0119puj\u0105ce dane, nieb\u0119d\u0105ce sk\u0142adnikiem tre\u015bci us\u0142ugi \u015bwiadczonej drog\u0105 elektroniczn\u0105, do systemu informatycznego, kt\u00f3rym pos\u0142uguje si\u0119 us\u0142ugobiorca.<\/li>\n\n\n\n<li>Informacje znajduj\u0105ce si\u0119 na stronach internetowych s\u0105 jedynie zaproszeniem do zawarcia umowy w rozumieniu Kodeksu Cywilnego.<\/li>\n\n\n\n<li>W sprawach nieuregulowanych niniejszym regulaminem stosuje si\u0119 przepisy obowi\u0105zuj\u0105cego prawa, w tym przepisu Kodeksu Cywilnego.<\/li>\n<\/ol>\n\n\n\n<p><\/p>\n","protected":false},"excerpt":{"rendered":"<p>1. Postanowienia og\u00f3lne 2. Definicje 3. Konto 4. Dokumentacja zakup\u00f3w 5. Zam\u00f3wienia 6. Ceny i p\u0142atno\u015bci 7. Spos\u00f3b realizacji zam\u00f3wienia i dostawa 8. Odst\u0105pienie od umowy i jego skutki 9. Zakup bez rejestracji Do dokonania zakupu bez rejestracji konieczne jest zaakceptowanie Regulaminu oraz podanie danych niezb\u0119dnych do realizacji zam\u00f3wienia (tj. adres e-mail, numer telefonu, adres [&hellip;]<\/p>\n","protected":false},"author":1,"featured_media":0,"parent":0,"menu_order":0,"comment_status":"closed","ping_status":"closed","template":"","meta":{"_acf_changed":false,"footnotes":""},"class_list":["post-382","page","type-page","status-publish","hentry"],"acf":[],"jetpack_sharing_enabled":true,"_links":{"self":[{"href":"https:\/\/mucko.me\/index.php?rest_route=\/wp\/v2\/pages\/382","targetHints":{"allow":["GET"]}}],"collection":[{"href":"https:\/\/mucko.me\/index.php?rest_route=\/wp\/v2\/pages"}],"about":[{"href":"https:\/\/mucko.me\/index.php?rest_route=\/wp\/v2\/types\/page"}],"author":[{"embeddable":true,"href":"https:\/\/mucko.me\/index.php?rest_route=\/wp\/v2\/users\/1"}],"replies":[{"embeddable":true,"href":"https:\/\/mucko.me\/index.php?rest_route=%2Fwp%2Fv2%2Fcomments&post=382"}],"version-history":[{"count":0,"href":"https:\/\/mucko.me\/index.php?rest_route=\/wp\/v2\/pages\/382\/revisions"}],"wp:attachment":[{"href":"https:\/\/mucko.me\/index.php?rest_route=%2Fwp%2Fv2%2Fmedia&parent=382"}],"curies":[{"name":"wp","href":"https:\/\/api.w.org\/{rel}","templated":true}]}}